termine v(-3).
8
Suppose 0 = 53*a + 14*a + 2*a - 2001. Let t(f) = f**3 - 31*f**2 + 56*f + 52. Determine t(a).
-6
Suppose 0 = 832*a - 687*a + 1740. Let t(s) = -8*s - 104. Calculate t(a).
-8
Let l be (18/(-54))/(((-11)/(-660))/(6/8)). Let c(a) = -18*a - 273. Determine c(l).
-3
Let j(u) = -15*u**3 - 3*u**2 - 19*u - 16. Let w be j(-1). Let m(r) = 3*r - 48. Calculate m(w).
-3
Let h(b) = -155 + b + 89 + 7*b**3 - 12*b**2 + 89. Let p(v) = -6*v**3 + 11*v**2 - v - 19. Let a(z) = 5*h(z) + 6*p(z). What is a(4)?
29
Let d(m) = m**3 - 10*m**2 - 4*m + 35. Let w be (-6144)/(-624) - 4/(-26). Calculate d(w).
-5
Suppose -x - 851*k + 854*k = 8, -6*x - 5*k - 25 = 0. Let g(u) be the third derivative of u**6/120 + u**5/12 - u**4/24 + u**3 - u**2. Determine g(x).
11
Let l be 9 - (3 + -1) - -1. Suppose 0*z = -l*z. Suppose z = 5*g + 1 - 21. Let x(f) = -f**2 + 4*f - 1. Determine x(g).
-1
Let g(a) = -a**2 - 5*a - 3. Let w(l) = l**3 + 21*l**2 - 43*l + 77. Let h be w(-23). Suppose -2*x + 6 = 0, 2*i + 2 = 2*x - h. Give g(i).
3
Let f(n) = -3 + 18*n + 9*n - 41*n. Calculate f(1).
-17
Let a(r) = -r**3 + 9*r**2 - 16*r + 9. Suppose -23 - 12 - 49 = -12*g. What is a(g)?
-5
Let t(j) = -j**3 - j**2 + 8*j + 6. Suppose -3*h - 609*l = -614*l + 45, -l = -4*h - 26. Calculate t(h).
66
Let h(f) = -2*f**2 - 35*f - 55. Let j be 2/(-10)*-1 + (-4860)/300. Determine h(j).
-7
Let w(s) = -5*s - 3*s - 8 + 0*s + 7*s - 12*s - 6*s**2. Let j(t) = -t**2 - t. Let q(y) = -5*j(y) + w(y). Calculate q(-7).
-1
Let w(z) = 2*z**3 - 7*z**2 - 3*z + 2. Let u be w(4). Let o(s) = 6 - 4 - u*s + s**2 - 2 + 3. Suppose v - 2 = 3. Calculate o(v).
-2
Let c = -23180 - -23173. Let z(r) = 2*r + 10 + 3 + 2. What is z(c)?
1
Let a(y) = -y + 1. Suppose 2*j - 5 = 5. Let x(q) be the third derivative of q**6/120 - q**5/15 - q**4/8 - 13*q**3/6 - 9*q**2. Let t be x(j). Give a(t).
4
Let c(h) = -3*h**3 + h**2 - h - 2. Let r = -22955 - -22954. What is c(r)?
3
Let d(b) = b**3 - 6*b**2 - 2*b + 2. Let l be (-20)/4 - 232/(-4). Let i = l + -47. Give d(i).
-10
Let w(j) be the third derivative of 1/24*j**4 + 1/3*j**3 + 8*j**2 + 0 - j. Calculate w(-10).
-8
Let u(p) = 12*p - 3*p**3 + 2*p**3 + 53 + 23*p**2 + 18*p - 4*p - 46*p**2. Give u(-24).
5
Let z(u) = 95*u**3 + u**2 + u - 1. Let w = 4443 + -4442. Determine z(w).
96
Suppose -4*f = -b - 2, 2*f - 5*b - 22 = -8*b. Let u(z) be the first derivative of -7/2*z**f + 8 + z - 1/3*z**3. What is u(-6)?
7
Let f(y) be the second derivative of -17*y + 1/6*y**3 - 3/2*y**2 + 0*y**4 + 0 - 1/20*y**5. Calculate f(-3).
21
Let n(w) = w**3 + 7*w**2 - 27. Suppose 0 = x + 8, -3*h - 55 = 1565*x - 1560*x. Give n(h).
23
Let c(s) be the first derivative of -s**4/4 + 2*s**3 + 4*s - 1. Suppose -3*d + 21*o + 43 = 16*o, 9*o = 5*o - 20. What is c(d)?
4
Let t(h) = 29*h**3 - 9*h + 34*h**3 + 33*h**3 + 26*h**3 - h**2 - 18 - 123*h**3. Calculate t(-2).
4
Let c(t) = -3*t - 8. Suppose 5*r - 12 + 2 = 0. Let g be (r + -1 + 1)/(-2) + 15. Suppose f + f = -g. Determine c(f).
13
Suppose -28 = -5*b + 3*d, 6 + 0 = b - d. Suppose 0 = 5*q + 2*c - 23, b*q + 2*c - 21 = -2*c. Suppose -q = -4*r - 29. Let m(x) = -x**2 - 8*x - 8. Give m(r).
4
Let s(z) = z**2 + 21*z + 39. Let b be s(-21). Suppose -18*w + 5*w - b = 0. Let r(o) = -o**2 - 2*o - 4. What is r(w)?
-7
Let q = 294 + -302. Let t be 68/(-17)*(-12)/q. Let w(d) = d**3 + 6*d**2 - 7. Calculate w(t).
-7
Let k(b) = -3*b**3 + 25. Let c(u) = 11*u**2 - 17*u - 10. Let l be c(2). Calculate k(l).
25
Let d(r) = 20*r**2 - 35*r**2 - 6*r + 16*r**2 - 3 - 8. Let j(b) = -b**2 - 8*b - 7. Let y be j(-5). What is d(y)?
5
Let r(l) = -l**2 + 6*l + 7. Let v(o) = 2*o**2 + 13*o - 32. Let b be v(-18). Let m = 388 - b. What is r(m)?
7
Let m(c) = 2*c**2 + 184*c - 1168. Let a be m(-98). Let y(p) = -4*p. What is y(a)?
-32
Let p(l) = 4*l**3 - 8*l**2 - 3*l - 7. Let r(s) = s**2 - 17*s + 11. Let z be r(16). Let k(b) = -2*b**3 + 3*b**2 + b + 3. Let x(h) = z*k(h) - 2*p(h). Give x(1).
3
Let p(d) = -d**3 - 9*d**2. Let y = 5200 - 5209. Give p(y).
0
Let w(n) be the third derivative of -n**6/120 + n**5/20 - n**3/6 - 34*n**2. Let i(y) = -y**2 - 17*y + 140. Let r be i(-23). Determine w(r).
3
Let r(l) be the second derivative of -l**5/20 + 7*l**4/4 - 28*l**3/3 + 25*l**2 - 7078*l. Calculate r(18).
14
Let h(a) = -8*a. Let j(u) = -u + 41. Let i be j(0). Let f = i - 42. Calculate h(f).
8
Suppose 2*y + 48 = -4*r, 0 = 5*y - 4*r + 3*r + 109. Let n = -20 - y. Let l(i) = i**2 + 6 + 2*i + n*i + 2*i + i. Determine l(-4).
-6
Let i(b) = -b + 18. Suppose -y + 2*v = -3, 4*v = -3*y - v + 9. Suppose y*u - 7 = -2*o - 1, 0 = o - u + 2. Give i(o).
18
Let a(y) = -31*y + 459. Let m be a(15). Let v(d) = -2*d - 16. What is v(m)?
-4
Let f(h) = -7*h**2 - 7*h - 19. Let k(i) = 31*i**2 + 29*i + 80. Let v(z) = 9*f(z) + 2*k(z). Calculate v(-4).
-7
Let m(o) = 6*o**2 + 78*o - 10. Suppose 0 = 17990*g - 17929*g + 793. Give m(g).
-10
Let i be -8 - 48/(-6) - 3/(-9). Let m(r) be the first derivative of 2*r + 39 - i*r**3 - 4*r**2. Calculate m(-8).
2
Let c(y) be the third derivative of -y**4/24 - y**2 + 38*y. Let o be (-4)/(-28) - -100*4/(-56). Calculate c(o).
7
Let f(x) = 2*x - 77. Let d(c) = -20*c + 242. Let t(v) = d(v) + 2*f(v). What is t(9)?
-56
Let x(w) = w**3 - 4*w**2 + 3*w - 7. Suppose 3*c + 174 = 5*b, -22 = c - 4*b + 36. Let s be (c/14 - -3)/(12/(-42)). Give x(s).
5
Let u = 4953 - 4964. Let i(h) = -h**3 - 13*h**2 - 23*h - 2. Give i(u).
9
Let o(x) = -2*x**2 - 21*x - 9. Let p(d) = -d**2 - 13*d - 2. Let c(v) = 6*o(v) - 11*p(v). Determine c(2).
-2
Let x(i) = i**3 + 7*i**2 - i + 4. Suppose 15*n + 512 = -n. Let s(b) = 25*b. Let q be s(1). Let o = n + q. What is x(o)?
11
Let u = -1 - -1. Let k(x) = -355*x - 127. Let f(p) = 76*p + 27. Let h(c) = 14*f(c) + 3*k(c). Determine h(u).
-3
Let l be 118/(-236) - (-22)/24. Let i(z) be the third derivative of 7*z**2 - l*z**4 + 0 + 1/3*z**3 + 0*z. Determine i(2).
-18
Let i(l) be the third derivative of 7*l**4/24 + l**3/6 + 3*l**2 + 27. Let f(h) = 15*h + 2. Let v(g) = 6*f(g) - 13*i(g). Determine v(-5).
4
Suppose 9*k - 120 + 84 = 0. Let f(w) = w**2 - 5*w + 4. Let r be f(7). Suppose -k*b + r = -b. Let m(p) = p**3 - 5*p**2 - 3*p - 1. Determine m(b).
17
Let v(q) = 183*q + 7. Let z(r) = -43*r - 2. Let n(w) = 4*v(w) + 17*z(w). Suppose -2*t + 2*u = 7*u - 1, -3*t + 4*u + 36 = 0. Calculate n(t).
2
Let f(l) = -8*l**3 + 2*l**2 + 6*l + 4. Let u be 2*18/8*28/(-126). Determine f(u).
8
Let c(l) = -l**2 - 6341 + 0*l**2 + 6339 - 6*l. Suppose 4*a = 8*a + 2*w + 18, 0 = -5*a - 4*w - 24. Calculate c(a).
6
Suppose -52 - 2 = 6*z. Let n be 44/(-6)*z/6. Suppose -2*j - f = -0*f - n, 0 = -3*j + f + 9. Let q(c) = -3*c + 5. Calculate q(j).
-7
Let c(m) = -m + 11. Let q(l) = 3*l**2 + 3*l - 3. Let k be q(2). Let g be c(k). Let r(n) be the third derivative of -n**4/12 + n**3/3 + 247*n**2. Determine r(g).
10
Let a = 40 + -48. Let k(l) = 2530 - 5060 + l + 2532. Give k(a).
-6
Let q(z) = 3*z - 12. Suppose 196 = 66*n - 200. Give q(n).
6
Let r(s) be the third derivative of -s**6/30 + 43*s**4/24 + 7*s**3 + 7*s**2 - 17*s - 10. Give r(-1).
3
Let b(t) be the second derivative of -t**5/120 - t**4/6 - 56*t**3/3 - 3*t - 1. Let n(s) be the second derivative of b(s). Determine n(8).
-12
Let k(p) be the second derivative of 0*p**4 + 2/5*p**5 + 17*p - 1 + 1/2*p**2 + 1/6*p**3. Let n(q) = q**2 + 8*q + 6. Let o be n(-7). Determine k(o).
-8
Let p be (-5)/((-13)/26*1/2). Let m(b) = b - 8. Let h be m(13). Suppose 5 = -3*w - 2*t + p, -2*t + 21 = h*w. Let q(c) = -c**2 + 2*c + 1. What is q(w)?
-2
Let f(p) = -20*p**3 + 36*p**2 - 7*p + 23. Let a(q) = 63*q**3 - 111*q**2 + 22*q - 71. Let o(i) = -6*a(i) - 19*f(i). What is o(9)?
-2
Let y(j) = -20*j + 19. Let t(r) = 44*r - 38. Let i(c) = -6*t(c) - 13*y(c). Determine i(-14).
37
Let b be 11 + 132/88 + (-35)/2. Let u(g) = 8*g + 50. What is u(b)?
10
Suppose -n = 5*o - 676, 5*o + 3*n - 364 = 314. Let f(x) = -17 - 274*x + o*x + 140*x. Give f(10).
-7
Let p(q) = 4*q - 2 - 6*q**2 - 14*q + 40463*q**3 + 1 - 40462*q**3 + 0*q**2. Calculate p(7).
-22
Let l(f) = -19*f + 1338 + 3*f**2 - 1387 + 13*f. Give l(5).
-4
Let o(n) = -4*n**2 + 14*n + 1. Let u(s) = 7*s**2 - 27*s - 3. Let r(t) = -5*o(t) - 3*u(t). Let f = 11282 + -11271. Give r(f).
4
Suppose 2*k - 5*k = -5*s + 1, -3*s = -4*k + 6. Let w(f) = 29*f**2 + 41*f**s - 38*f**2. Determine w(1).
32
Let c(s) = -s**3 - 10*s**2